 What is the greatest common divisor of o and 18?
6
Let x = 3 - -1. Suppose x*c + 6*p - 3*p = 139, 5*p + 68 = 3*c. What is the greatest common divisor of 124 and c?
31
Suppose 4*h + 24 = 44. Let k = 15 - h. Calculate the highest common divisor of k and 5.
5
Let j = 86 - 71. Let a(y) = y**2 - 16*y + 18. Let p be a(j). What is the highest common divisor of 27 and p?
3
Let j(x) = 14*x**2 - 11*x - 2. Let b(t) = 21*t**2 - 17*t - 3. Let a(w) = -5*b(w) + 8*j(w). Let f be a(-2). What is the greatest common factor of f and 11?
11
Suppose -7*b + 11*b + l = 86, -4*l + 50 = 2*b. What is the greatest common divisor of 33 and b?
3
Let g = -13 + 59. What is the greatest common factor of g and 529?
23
Let g(d) = -d + 53. Let c be g(12). Suppose -k + 58 + 229 = 0. Calculate the greatest common factor of c and k.
41
Let y(t) = 8*t**2 - 33*t + 175. Let u be y(13). Calculate the greatest common divisor of 18 and u.
18
Let n be 5 + (-18)/(-4) - 1/2. Calculate the greatest common divisor of n and 279.
9
Let y be -11 + 14732/44 - 4/(-22). What is the highest common divisor of y and 12?
12
Let m(i) = 20*i + 54. Let s be m(-2). What is the greatest common divisor of s and 238?
14
Let m(v) = 10*v + 160. Let p be m(-13). What is the highest common factor of p and 24?
6
Suppose -9*o + 280 = -38096. Calculate the highest common divisor of o and 164.
164
Suppose i = -6*i + 966. Let b = i + -92. What is the greatest common factor of 23 and b?
23
Suppose -s + 20 = 4*y + s, 3*s = 0. Suppose -3*n = 6, 3*n - 4*n = y*f + 357. Let d = f - -169. Calculate the greatest common factor of d and 14.
14
Let h = -107 - -109. Let r(c) = c**3 - 4*c**2 + 4*c + 1. Let a be r(3). Calculate the greatest common divisor of a and h.
2
Suppose -v = 0, -p - v = -0*v - 4. Suppose -11 = -p*c + 17. What is the highest common divisor of c and 56?
7
Let f be (3 - 18/3) + 8. Suppose -2*v = -f*j + 58, -v = v + 8. Let t(u) = u**3 - 9*u**2 + u - 7. Let i be t(9). What is the greatest common factor of j and i?
2
Let v be -1 + 0 - (77 - -7)/(-6). Let t be v - 2/4*(3 + -3). Calculate the highest common divisor of 39 and t.
13
Let i = 57 - 37. Let l(u) = 10*u**3 + u - 2. Let w be (2/7)/((-4)/196*-7). Let b be l(w). Calculate the highest common divisor of b and i.
20
Suppose 0 = -t - 0*t + 3. Suppose 5*u + 64 = -t*s, s = 2*u + 2*s + 25. Let f be (-8)/(-10) - u/5. What is the highest common factor of 15 and f?
3
Suppose -60*k + 31193 = -16327. Calculate the highest common factor of k and 44.
44
Suppose -3*y - 74 + 554 = 0. Let o(q) = 14*q**2 + 77*q - 10. Let r be o(-6). Calculate the highest common factor of r and y.
32
Let j be (-8)/(-12)*(-9)/(-2). Let l = 1 + j. Calculate the greatest common factor of 6 and l.
2
Suppose 4 = -4*r + 5*r. Suppose 52 = 4*q + r*m, -m = -0*m - 1. Let n be (4/(-6))/(2/(-9)). Calculate the greatest common factor of q and n.
3
Let n(w) = 35*w + 23. Let h be n(-2). Let v be 4/(-12)*(h + -1). Calculate the greatest common divisor of v and 24.
8
Let p be (-176)/(-12)*12/8. Let y(k) = -16*k - 4. Let z = 10 + -13. Let r be y(z). Calculate the highest common divisor of r and p.
22
Let j(l) = -l**3 + 7*l**2 + 2*l - 6. Let n be j(8). Let c = -41 - n. What is the highest common divisor of 52 and c?
13
Let r = -38 + 30. Let c be ((-135)/(-18))/((-6)/r). What is the greatest common factor of c and 50?
10
Let n = 19 - 25. Let d be 20/n + 4/(-6). Let l be (d/6)/((-6)/81). Calculate the greatest common divisor of l and 45.
9
Let t(w) = -w**3 - 7*w**2 + 11*w + 5. Let c be t(-8). Let z(h) = -h**3 - 20*h**2 - 21*h - 5. Let p be z(c). Calculate the highest common divisor of 3 and p.
3
Let k = -1676 - -1683. Let p be (-2)/(1 - 4/3). Suppose 0 = -3*r + 15 + p. Calculate the highest common factor of r and k.
7
Suppose -4*m + 908 = 4*w, -274 + 53 = -m + 2*w. Calculate the highest common factor of 18 and m.
9
Suppose -26*s = -2*r - 23*s + 295, 3*r - 3*s - 438 = 0. What is the highest common divisor of r and 65?
13
Let u be (-22 - 28)*(6/(-10) - -1). Suppose -3*s + 65 + 19 = 0. Let y = u + s. What is the greatest common divisor of 2 and y?
2
Let f(z) = -3*z + 1. Let k be f(-1). Let m(t) = 3*t - 3 + 2*t - 4*t. Let d be m(k). Calculate the greatest common divisor of d and 4.
1
Let y be (-13)/(-6) - -1 - 24/144. Suppose y*m - 4*q = 109, 5*q + 0*q = -3*m + 73. Calculate the highest common divisor of m and 248.
31
Let p = -14 - -17. Suppose p*a - h - 115 = 280, 5*a - 673 = -2*h. What is the highest common factor of a and 19?
19
Suppose -4*p = -3*f + 226, 0 = -2*f - 3*p + 3 + 125. Suppose -5*n + f = 2*n. What is the highest common factor of n and 80?
10
Let j = -19 + -17. Let m be (j/8)/(3/6). Let n = 3 - m. Calculate the greatest common factor of 30 and n.
6
Let v(k) = -4*k. Let p be v(-7). Let c = p + -15. Calculate the greatest common factor of 52 and c.
13
Let b = 51 - 20. Suppose t = 2*t - b. Suppose -w + 85 = t. What is the highest common divisor of w and 6?
6
Suppose 7*z + 0*z + 126 = 0. Let h be (-3 - -1) + z/(-1). What is the highest common divisor of 4 and h?
4
Let y be (-4)/(-10) + 103/5. Let q be 4/(-6)*(-360)/80. Calculate the highest common divisor of y and q.
3
Suppose -4*d - 3*b = 16 - 107, 2*d - 33 = b. Suppose 4*g = 8*g - 760. What is the greatest common factor of d and g?
19
Let l(m) = 0*m**2 - 20 + 16 + 0*m**2 + 6*m**2. Let h be l(2). Calculate the greatest common divisor of 120 and h.
20
Let n be (-36)/(-2) + -18 + 12. Calculate the greatest common divisor of n and 648.
12
Let a = -6 - -11. Suppose q = a*p - 73, 0 = 2*p - 7*p + 5*q + 85. Let b(l) = -l**3 + 9*l**2 - 6*l. Let y be b(7). What is the greatest common factor of p and y?
14
Suppose 46*s - 49*s + 63 = 0. What is the highest common divisor of s and 21?
21
Let c = -68 + -2. Let o = c - -126. Let u be (3/(6/(-28)))/(-2). Calculate the highest common factor of o and u.
7
Let s be -5 + 1 + 34/1. Let t = -22 + s. What is the greatest common factor of t and 72?
8
Let z(s) = -4*s - 17. Let p be z(-7). Suppose 0 = -p*d + d + 630. Let h = 2 - -7. What is the highest common divisor of d and h?
9
Let x be ((-564)/(-8))/((-1)/(-2 - 0)). What is the greatest common factor of x and 376?
47
Let u(j) = -j**3 + 11*j**2 - 17*j + 12. Let g be u(9). What is the highest common divisor of g and 259?
7
Let v = 1108 + -1092. What is the greatest common factor of 80 and v?
16
Let t(l) = 2*l**3 - 6*l**2 - 2*l - 7. Let b be t(5). Let q = b + -47. Calculate the greatest common divisor of 4 and q.
4
Let y be (2/(24/4))/((-1)/(-123)). Let h = y + -17. Calculate the greatest common factor of 72 and h.
24
Suppose s = 5*s. Let v be (9 + s)*4/12. Let p be 1 + 1 + v + 3. Calculate the greatest common factor of p and 72.
8
Let j(o) = -20*o**2 + 278*o + 29. Let s be j(14). Let h be (1 - 3)/(-2) - 0. Calculate the greatest common divisor of h and s.
1
Let v be 50 + (-2)/(2/(-2)). Let p be -2 + -1 - -21*19. Suppose -4*i + p = -i - 3*q, -2*q = 2*i - 256. What is the highest common divisor of v and i?
26
Let l be 3888/96*(-116)/(-6). Calculate the highest common factor of 81 and l.
27
Let i = 1697 + -1585. What is the greatest common factor of i and 182?
14
Suppose 0 = -5*s + 4*o + 2, -2*o - 4 = -4*o. Let g be 2120/50 - s/5. Let r(a) = 3*a - 20. Let m be r(9). Calculate the highest common factor of g and m.
7
Suppose -2*k - 27 = 3*x, -36 = 5*x + k + 9. Let z(m) = -5*m + 9. Let j be z(x). Let h = -36 + j. What is the highest common factor of 198 and h?
18
Suppose t + 1 = 0, 3*b - 2*t + 10 - 27 = 0. Let l(d) = -d + 27. Let i be l(b). Calculate the highest common factor of i and 11.
11
Let q be ((-146)/(-3))/(56/12 - 4). Let r = -48 + q. What is the highest common divisor of 5 and r?
5
Let h(a) = a**2 + 3*a - 1. Let u = -24 + 17. Let n be h(u). Let d = 13 + n. Calculate the greatest common divisor of 16 and d.
8
Let y = 82 + -14. Let w be -6*(7/2 - 3) - -20. Calculate the greatest common factor of y and w.
17
Let f be (-2)/3*(17 + -464 + 0). Calculate the highest common divisor of 6 and f.
2
Let y be 12536/36 + 10/(-45). Let s be y/14 + 11/77. Let r(k) = -k**3 + 4*k**2 - 3*k + 3. Let j be r(2). Calculate the highest common divisor of j and s.
5
Suppose -46 = -5*p + 14. Calculate the greatest common divisor of p and 108.
12
Suppose 4*i + 6 = 2*a, 0 = i - 5 + 2. Let h = -16 + 